{"id":552,"date":"2025-05-06T21:58:55","date_gmt":"2025-05-06T19:58:55","guid":{"rendered":"https:\/\/cordescomtat.com\/?page_id=552"},"modified":"2025-05-06T21:58:55","modified_gmt":"2025-05-06T19:58:55","slug":"castel-ferie","status":"publish","type":"page","link":"https:\/\/cordescomtat.com\/index.php\/castel-ferie\/","title":{"rendered":"Castel feri\u00e9"},"content":{"rendered":"\n<hr class=\"wp-block-separator aligncenter has-alpha-channel-opacity is-style-wide\"\/>\n\n\n\n<p>On donne ce nom \u00e0 une roche qui s\u2019\u00e9l\u00e8ve en forme de tour dans le d\u00e9fil\u00e9 qu\u2019il faut franchir pour aller de Cordes \u00e0 Saint Marcel. C\u2019est par l\u00e0 que pass\u00e8rent les soldats de Simon de Montfort* lorsqu\u2019ils vinrent attaquer et prendre d\u2019assaut le ch\u00e2teau o\u00f9 s\u2019\u00e9taient r\u00e9fugi\u00e9s bon nombre d\u2019h\u00e9r\u00e9tiques lesquels furent en grande partie massacr\u00e9s ou br\u00fbl\u00e9s.Ce lieu est regard\u00e9 comme n\u00e9faste on y passe en frissonnant et on tremble que des \u00e9clats du rocher entass\u00e9s sur la montagne ne se d\u00e9tachent et ne nous \u00e9crasent.<\/p>\n\n\n\n<p><em>*l\u2019an 1213 l\u2019\u00e9v\u00eaque d\u2019Alby logea pendant 3 ans Simon et paya les frais du si\u00e8ge de Saint-Marcel ainsi que celui de Penne.<\/em><\/p>\n\n\n<div class=\"wp-block-image\">\n<figure class=\"aligncenter size-full\"><img loading=\"lazy\" decoding=\"async\" width=\"386\" height=\"601\" src=\"https:\/\/cordescomtat.com\/wp-content\/uploads\/2025\/05\/Castel-ferie1.jpg\" alt=\"\" class=\"wp-image-553\" srcset=\"https:\/\/cordescomtat.com\/wp-content\/uploads\/2025\/05\/Castel-ferie1.jpg 386w, https:\/\/cordescomtat.com\/wp-content\/uploads\/2025\/05\/Castel-ferie1-193x300.jpg 193w\" sizes=\"auto, (max-width: 386px) 100vw, 386px\" \/><\/figure>\n<\/div>\n\n\n<p><br>Dans ce si\u00e8cle de lumi\u00e8res les habitants de nos contr\u00e9es ne croient plus aux f\u00e9es habitant ce ch\u00e2teau mais il pensent qu\u2019un diable y a fix\u00e9 sa demeure\u00a0; c\u2019est par lui qu\u2019ils jurent, c\u2019est \u00e0 lui qu\u2019ils envoient tout ce qui leur d\u00e9plait et ils croient en g\u00e9n\u00e9ral que ce prince des t\u00e9n\u00e8bres \u00e0 pour \u00ab\u00a0castel ferrie\u00a0\u00bb une pr\u00e9dilection toute particuli\u00e8re qu\u2019il y r\u00e9side m\u00eame la plus part du temps et surtout en hiver au milieu des loups, des renards et des serpents.<br><\/p>\n\n\n\n<p>Un assez mauvais sujet, un dissipateur nomm\u00e9 B\u2026avait des dettes; il voit un jour l\u2019huissier C\u2026 arriver chez lui avec un exploit \u00e0 la main.<\/p>\n\n\n\n<p>&#8211; Mon ami, lui dit-il, je suis sans un sou mais j\u2019esp\u00e8re \u00eatre bient\u00f4t en mesure gr\u00e2ce \u00e0 une r\u00e9solution extr\u00eame que je viens de prendre pour un quart, veuillez bien m\u2019aider dans mon projet.<\/p>\n\n\n\n<p>&#8211; De quoi s\u2019agit-il&nbsp;?<\/p>\n\n\n\n<p>&#8211; Il faut que tu ailles \u00e0 \u00ab&nbsp;castel ferrie&nbsp;\u00bbque tu parles au diable qui y fait sa demeure et que tu lui dises que je m\u2019abandonne \u00e0 lui apr\u00e8s ma mort s\u2019il veut me donner une somme ronde de mille louis bien tr\u00e9buchants; tu pourras m\u00eame r\u00e9duire la demande si tu le crois n\u00e9cessaire.<\/p>\n\n\n<div class=\"wp-block-image\">\n<figure class=\"aligncenter size-full\"><img loading=\"lazy\" decoding=\"async\" width=\"347\" height=\"347\" src=\"https:\/\/cordescomtat.com\/wp-content\/uploads\/2025\/05\/Castel-ferie2.jpg\" alt=\"\" class=\"wp-image-554\" srcset=\"https:\/\/cordescomtat.com\/wp-content\/uploads\/2025\/05\/Castel-ferie2.jpg 347w, https:\/\/cordescomtat.com\/wp-content\/uploads\/2025\/05\/Castel-ferie2-300x300.jpg 300w, https:\/\/cordescomtat.com\/wp-content\/uploads\/2025\/05\/Castel-ferie2-150x150.jpg 150w\" sizes=\"auto, (max-width: 347px) 100vw, 347px\" \/><\/figure>\n<\/div>\n\n\n<ul class=\"wp-block-list\">\n<li><em>J\u2019irai volontiers, dit le sergent charm\u00e9 de rire au d\u00e9pend de B\u2026mais si je ne trouve pas le diable \u00e0 \u00ab\u00a0castel ferrie\u00a0\u00bb<\/em><\/li>\n\n\n\n<li><em>Alors tu lui signifieras un acte d\u2019offre de ma part.<\/em><\/li>\n\n\n\n<li><em>Je comprends\u00a0: avoir injonction de se trouver dans un lieu d\u00e9sign\u00e9 un certain jour et heure pour faire votre trait\u00e9.<\/em><\/li>\n<\/ul>\n\n\n\n<p><em>Justement ici plusieurs obstacles se pr\u00e9sent\u00e8rent \u00e0 l\u2019huissier&nbsp;:<\/em><\/p>\n\n\n\n<ul class=\"wp-block-list\">\n<li><em>Si je ne trouve pas le diable je serai oblig\u00e9 de remettre la copie au maire de Saint Marcel qui visera l\u2019original. Il me faudra ensuite porter cet acte sur mon r\u00e9pertoire sous peine d\u2019amande puis le faire enregistrer. Cet acte passera sous les yeux du receveur, du v\u00e9rificateur, de l\u2019inspecteur et ces messieurs pourraient bien trouver dans tout cela mati\u00e8re \u00e0 verbaliser. Je serai peut-\u00eatre suspendu de mes fonctions, condamn\u00e9 \u00e0 quelque grosse amande. Le diable ne me fait pas autant peur que ces hommes l\u00e0.<\/em><\/li>\n\n\n\n<li><em>Je pense que ce que tu as de mieux \u00e0 faire est de traiter directement avec lui sans avoir recours au minist\u00e8re des huissiers.<\/em><\/li>\n<\/ul>\n\n\n\n<p><br>Et l\u2019affaire en resta l\u00e0.<\/p>\n\n\n<div class=\"wp-block-image\">\n<figure class=\"aligncenter size-full\"><img loading=\"lazy\" decoding=\"async\" width=\"281\" height=\"380\" src=\"https:\/\/cordescomtat.com\/wp-content\/uploads\/2025\/05\/Castel-ferie3.jpg\" alt=\"\" class=\"wp-image-555\" srcset=\"https:\/\/cordescomtat.com\/wp-content\/uploads\/2025\/05\/Castel-ferie3.jpg 281w, https:\/\/cordescomtat.com\/wp-content\/uploads\/2025\/05\/Castel-ferie3-222x300.jpg 222w\" sizes=\"auto, (max-width: 281px) 100vw, 281px\" \/><\/figure>\n<\/div>\n\n\n<p>Quelques temps apr\u00e8s le bruit courut dans le pays que Martinez, d\u00e9serteur espagnol domicili\u00e9 depuis longtemps \u00e0 Cordes, ayant pass\u00e9 pr\u00e8s du \u00ab&nbsp;castel ferrie&nbsp;\u00bb le diable l\u2019avait saisi avec ses griffes au toupet l\u2019avait enlev\u00e9 dans les airs puis laiss\u00e9 tomber sur les rochers neigeux de la montagne.<\/p>\n\n\n\n<p>Ce qu\u2019il y avait de certain c\u2019est que Martinez \u00e9tait couvert de contusions de blessures de la t\u00eate aux pieds.<\/p>\n\n\n\n<p>Comme je savais que cet individu ne menait pas une conduite tr\u00e8s particuli\u00e8re je pensais qu\u2019il avait peut-\u00eatre \u00e9t\u00e9 surpris en maraude et frapp\u00e9 outre mesure par quelque paysan pas content.<\/p>\n\n\n\n<p>Je le fis appeler pour recevoir de lui quelques \u00e9claircissements sur cette affaire.<\/p>\n\n\n<div class=\"wp-block-image\">\n<figure class=\"aligncenter size-full\"><img loading=\"lazy\" decoding=\"async\" width=\"242\" height=\"325\" src=\"https:\/\/cordescomtat.com\/wp-content\/uploads\/2025\/05\/Castel-ferie4.jpg\" alt=\"\" class=\"wp-image-556\" srcset=\"https:\/\/cordescomtat.com\/wp-content\/uploads\/2025\/05\/Castel-ferie4.jpg 242w, https:\/\/cordescomtat.com\/wp-content\/uploads\/2025\/05\/Castel-ferie4-223x300.jpg 223w\" sizes=\"auto, (max-width: 242px) 100vw, 242px\" \/><\/figure>\n<\/div>\n\n<div class=\"wp-block-image\">\n<figure class=\"aligncenter size-full\"><img loading=\"lazy\" decoding=\"async\" width=\"325\" height=\"391\" src=\"https:\/\/cordescomtat.com\/wp-content\/uploads\/2025\/05\/Castel-ferie5.jpg\" alt=\"\" class=\"wp-image-557\" srcset=\"https:\/\/cordescomtat.com\/wp-content\/uploads\/2025\/05\/Castel-ferie5.jpg 325w, https:\/\/cordescomtat.com\/wp-content\/uploads\/2025\/05\/Castel-ferie5-249x300.jpg 249w\" sizes=\"auto, (max-width: 325px) 100vw, 325px\" \/><\/figure>\n<\/div>\n\n\n<p><br><em>-Ne croyez pas, me dit-il, les contes que l\u2019on d\u00e9bite, je ne crains pas plus le diable que je ne pourrais craindre un enfant en maillot, j\u2019ai de quoi faire trembler et mettre en fuite l\u2019esprit malin, regardez ce chapelet, il ne me quitte jamais, il a \u00e9t\u00e9 b\u00e9ni \u00e0 Saint Jacques en Galice et je puis passer hardiment avec lui pr\u00e8s de \u00ab\u00a0castel ferrie\u00a0\u00bb mais malheureusement le jour de mon accident j\u2019avais bu outre mesure du mauvais vin de Monesti\u00e9 et en passant dans un \u00e9troit sentier de la<\/em> <em>montagne je glissais<\/em><br><em>et<\/em> <em>roulais jusqu\u2019au fonds ce qui fut cause de toutes les blessures que je re\u00e7us et que l\u2019on a suppos\u00e9 venir du diable.<\/em><br><br><\/p>\n\n\n<div class=\"wp-block-image\">\n<figure class=\"aligncenter size-full\"><img loading=\"lazy\" decoding=\"async\" width=\"253\" height=\"319\" src=\"https:\/\/cordescomtat.com\/wp-content\/uploads\/2025\/05\/Castel-ferie6.jpg\" alt=\"\" class=\"wp-image-558\" srcset=\"https:\/\/cordescomtat.com\/wp-content\/uploads\/2025\/05\/Castel-ferie6.jpg 253w, https:\/\/cordescomtat.com\/wp-content\/uploads\/2025\/05\/Castel-ferie6-238x300.jpg 238w\" sizes=\"auto, (max-width: 253px) 100vw, 253px\" \/><\/figure>\n<\/div>","protected":false},"excerpt":{"rendered":"<p>On donne ce nom \u00e0 une roche qui s\u2019\u00e9l\u00e8ve en forme de tour dans le d\u00e9fil\u00e9 qu\u2019il faut franchir pour aller de Cordes \u00e0 Saint Marcel. C\u2019est par l\u00e0 que pass\u00e8rent les soldats de Simon de Montfort* lorsqu\u2019ils vinrent attaquer et prendre d\u2019assaut le ch\u00e2teau o\u00f9 s\u2019\u00e9taient r\u00e9fugi\u00e9s bon nombre d\u2019h\u00e9r\u00e9tiques lesquels furent en grande &#8230; <a title=\"Castel feri\u00e9\" class=\"read-more\" href=\"https:\/\/cordescomtat.com\/index.php\/castel-ferie\/\" aria-label=\"En savoir plus sur Castel feri\u00e9\">Lire la suite<\/a><\/p>\n","protected":false},"author":1,"featured_media":0,"parent":0,"menu_order":0,"comment_status":"closed","ping_status":"closed","template":"","meta":{"footnotes":""},"class_list":["post-552","page","type-page","status-publish"],"_links":{"self":[{"href":"https:\/\/cordescomtat.com\/index.php\/wp-json\/wp\/v2\/pages\/552","targetHints":{"allow":["GET"]}}],"collection":[{"href":"https:\/\/cordescomtat.com\/index.php\/wp-json\/wp\/v2\/pages"}],"about":[{"href":"https:\/\/cordescomtat.com\/index.php\/wp-json\/wp\/v2\/types\/page"}],"author":[{"embeddable":true,"href":"https:\/\/cordescomtat.com\/index.php\/wp-json\/wp\/v2\/users\/1"}],"replies":[{"embeddable":true,"href":"https:\/\/cordescomtat.com\/index.php\/wp-json\/wp\/v2\/comments?post=552"}],"version-history":[{"count":1,"href":"https:\/\/cordescomtat.com\/index.php\/wp-json\/wp\/v2\/pages\/552\/revisions"}],"predecessor-version":[{"id":559,"href":"https:\/\/cordescomtat.com\/index.php\/wp-json\/wp\/v2\/pages\/552\/revisions\/559"}],"wp:attachment":[{"href":"https:\/\/cordescomtat.com\/index.php\/wp-json\/wp\/v2\/media?parent=552"}],"curies":[{"name":"wp","href":"https:\/\/api.w.org\/{rel}","templated":true}]}}