{"id":92,"date":"2023-05-21T22:24:00","date_gmt":"2023-05-21T20:24:00","guid":{"rendered":"https:\/\/cordescomtat.com\/?page_id=92"},"modified":"2026-01-27T12:05:10","modified_gmt":"2026-01-27T11:05:10","slug":"publications","status":"publish","type":"page","link":"https:\/\/cordescomtat.com\/index.php\/publications\/","title":{"rendered":"Publications"},"content":{"rendered":"\n<hr class=\"wp-block-separator has-alpha-channel-opacity\"\/>\n\n\n\n<p class=\"has-text-align-center\"><a href=\"https:\/\/cordescomtat.com\/index.php\/religion-et-laicite-en-pays-cordais-au-xixeme-siecle\/\">Religion et la\u00efcit\u00e9 en pays cordais au XIX\u00e8me si\u00e8cle par Michel Meunier<\/a><\/p>\n\n\n\n<p class=\"has-text-align-center\"><a href=\"https:\/\/cordescomtat.com\/index.php\/la-revue-de-lannee-2023\/\">La Revue de l\u2019ann\u00e9e 2023<\/a><\/p>\n\n\n\n<p class=\"has-text-align-center\"><a href=\"https:\/\/cordescomtat.com\/index.php\/glossaire-des-publications\/\">Glossaire des publications<\/a><\/p>\n\n\n\n<p class=\"has-text-align-center\"><a href=\"https:\/\/cordescomtat.com\/index.php\/ateliers-verriers-de-gresigne\/\">Ateliers verriers de Gr\u00e9signe<\/a><\/p>\n\n\n\n<p class=\"has-text-align-center\"><a href=\"https:\/\/cordescomtat.com\/index.php\/de-cordes-a-pezenas-une-affaire-de-draps\/\">De Cordes \u00e0 P\u00e9zenas\u2026 une affaire de draps<\/a><\/p>\n\n\n\n<p class=\"has-text-align-center\"><a href=\"https:\/\/cordescomtat.com\/index.php\/lorgue-de-st-michel\/\">L\u2019orgue de St-Michel<\/a><\/p>\n\n\n\n<p class=\"has-text-align-center\"><a href=\"https:\/\/cordescomtat.com\/index.php\/la-rose-de-saint-michel-jerusalem-musicale\/\">La rose de Saint-Michel, J\u00e9rusalem musicale\u2026<\/a><\/p>\n\n\n\n<p class=\"has-text-align-center\"><a href=\"https:\/\/cordescomtat.com\/index.php\/a-la-decouverte-des-couteaux-de-cordes\/\">\u00c0 la d\u00e9couverte des couteaux de Cordes<\/a><\/p>\n\n\n\n<p class=\"has-text-align-center\"><a href=\"https:\/\/cordescomtat.com\/index.php\/la-glaciere-de-cordes-2\/\">La glaci\u00e8re de Cordes<\/a><\/p>\n\n\n\n<p class=\"has-text-align-center\"><a href=\"https:\/\/cordescomtat.com\/index.php\/les-fortifications-de-cordes\/\">Les fortifications de Cordes<\/a><\/p>\n\n\n\n<p class=\"has-text-align-center\"><a href=\"https:\/\/cordescomtat.com\/index.php\/salles-sur-cerou\/\">Salles sur C\u00e9rou<\/a><\/p>\n\n\n\n<p class=\"has-text-align-center\"><a href=\"https:\/\/cordescomtat.com\/index.php\/les-fortifications-de-cordes-2\/\">Les fortifications de Cordes<\/a><\/p>\n\n\n\n<p class=\"has-text-align-center\"><a href=\"https:\/\/cordescomtat.com\/index.php\/orgue-de-nd-de-paris-a-st-michel\/\">Un orgue de Notre-Dame de Paris \u00e0 Cordes<\/a><\/p>\n\n\n\n<p class=\"has-text-align-center\"><a href=\"https:\/\/cordescomtat.com\/index.php\/qui-sont-les-amis-de-cordes-et-du-comtat-cordais\/\">Qui sont les Amis de Cordes et du Comtat Cordais ?<\/a><\/p>\n\n\n\n<p class=\"has-text-align-center\"><a href=\"https:\/\/cordescomtat.com\/index.php\/albert-camus-et-cordes\/\">Albert Camus et Cordes<\/a><\/p>\n\n\n\n<p class=\"has-text-align-center\"><a href=\"https:\/\/cordescomtat.com\/index.php\/notice-historique-de-lecole-de-garcons-de-cordes\/\">Notice historique de l\u2019\u00e9cole de gar\u00e7ons de Cordes<\/a><\/p>\n\n\n\n<p class=\"has-text-align-center\"><a href=\"https:\/\/cordescomtat.com\/index.php\/souvenirs-denfance\/\">Souvenirs d\u2019enfance<\/a><\/p>\n\n\n\n<p class=\"has-text-align-center\"><a href=\"https:\/\/cordescomtat.com\/index.php\/conservatoire-des-traditions-culinaires-artisanales\/\">Conservatoire des traditions culinaires artisanales<\/a><\/p>\n\n\n\n<p class=\"has-text-align-center\"><a href=\"https:\/\/cordescomtat.com\/index.php\/cordes-en-1867\/\">CORDES en 1867<\/a><\/p>\n\n\n\n<p class=\"has-text-align-center\"><a href=\"https:\/\/cordescomtat.com\/index.php\/general-francois-basile-azemar\/\">G\u00e9n\u00e9ral Fran\u00e7ois-Basile AZEMAR<\/a><\/p>\n\n\n\n<p class=\"has-text-align-center\"><a href=\"https:\/\/cordescomtat.com\/index.php\/famille-de-clary-ou-clari-ou-claris\/\">Famille de CLARY ou CLARI ou CLARIS<\/a><\/p>\n\n\n\n<p class=\"has-text-align-center\"><a href=\"https:\/\/cordescomtat.com\/index.php\/bernard-de-cazillac-eveque-dalbi\/\">Bernard de Cazillac \u00e9v\u00eaque d\u2019Albi<\/a><\/p>\n\n\n\n<p class=\"has-text-align-center\"><a href=\"https:\/\/cordescomtat.com\/index.php\/un-moulin-disparu\/\">Un moulin disparu<\/a><\/p>\n\n\n\n<p class=\"has-text-align-center\"><a href=\"https:\/\/cordescomtat.com\/index.php\/albert-gorsse-brodeur\/\">Albert Gorsse, brodeur<\/a><\/p>\n\n\n\n<p class=\"has-text-align-center\"><a href=\"https:\/\/cordescomtat.com\/index.php\/les-chantiers-publics-a-cordes-en-1450\/\">La reconstruction de l\u2019\u00e9glise St Pierre de Crantoul<\/a><\/p>\n\n\n\n<p class=\"has-text-align-center\"><a href=\"https:\/\/cordescomtat.com\/index.php\/lhotel-du-grand-ecuyer\/\">L\u2019h\u00f4tel du Grand Ecuyer<\/a><\/p>\n\n\n\n<p class=\"has-text-align-center\"><a href=\"https:\/\/cordescomtat.com\/index.php\/la-rose-de-saint-michel\/\">La Rose de Saint-Michel<\/a><\/p>\n\n\n\n<p class=\"has-text-align-center\"><a href=\"https:\/\/cordescomtat.com\/index.php\/saint-marcel-grand-ancetre\/\">Saint Marcel, grand anc\u00eatre<\/a><\/p>\n\n\n\n<p class=\"has-text-align-center\"><a href=\"https:\/\/cordescomtat.com\/index.php\/la-legende-de-saint-martial\/\">La l\u00e9gende de Saint Martial<\/a><\/p>\n\n\n\n<p class=\"has-text-align-center\"><a href=\"https:\/\/cordescomtat.com\/index.php\/castel-ferie\/\">Castel feri\u00e9<\/a><\/p>\n\n\n\n<p class=\"has-text-align-center\"><a href=\"https:\/\/cordescomtat.com\/index.php\/la-caselle-de-bournazel\/\">La caselle de Bournazel<\/a><\/p>\n\n\n\n<p class=\"has-text-align-center\"><a href=\"https:\/\/cordescomtat.com\/index.php\/le-puits-de-la-halle\/\">Le puits de la Halle<\/a><\/p>\n\n\n\n<p class=\"has-text-align-center\"><a href=\"https:\/\/cordescomtat.com\/index.php\/index-des-articles-de-la-revue\/\">Index des articles de la Revue<\/a><\/p>\n\n\n\n<p class=\"has-text-align-center\"><a href=\"https:\/\/cordescomtat.com\/index.php\/la-ballade-des-inspires\/\">La ballade des Inspir\u00e9s<\/a><\/p>\n\n\n\n<p class=\"has-text-align-center\"><a href=\"https:\/\/cordescomtat.com\/index.php\/le-temps-de-la-broderie-a-cordes\/\">Le temps de la broderie \u00e0 Cordes<\/a><\/p>\n\n\n\n<p class=\"has-text-align-center\"><a href=\"https:\/\/cordescomtat.com\/index.php\/leon-casimir-bru-cordais-createur-des-poupees-bru\/\">L\u00e9on Casimir BR\u00db, cordais cr\u00e9ateur des poup\u00e9es BRU<\/a><\/p>\n\n\n\n<p class=\"has-text-align-center\"><a href=\"https:\/\/cordescomtat.com\/index.php\/recherches-en-histoire-locale\/\">Recherches en histoire locale<\/a><\/p>\n\n\n\n<p><\/p>\n","protected":false},"excerpt":{"rendered":"<p>Religion et la\u00efcit\u00e9 en pays cordais au XIX\u00e8me si\u00e8cle par Michel Meunier La Revue de l\u2019ann\u00e9e 2023 Glossaire des publications Ateliers verriers de Gr\u00e9signe De Cordes \u00e0 P\u00e9zenas\u2026 une affaire de draps L\u2019orgue de St-Michel La rose de Saint-Michel, J\u00e9rusalem musicale\u2026 \u00c0 la d\u00e9couverte des couteaux de Cordes La glaci\u00e8re de Cordes Les fortifications de &#8230; <a title=\"Publications\" class=\"read-more\" href=\"https:\/\/cordescomtat.com\/index.php\/publications\/\" aria-label=\"En savoir plus sur Publications\">Lire la suite<\/a><\/p>\n","protected":false},"author":2,"featured_media":0,"parent":0,"menu_order":0,"comment_status":"closed","ping_status":"closed","template":"","meta":{"footnotes":""},"class_list":["post-92","page","type-page","status-publish"],"_links":{"self":[{"href":"https:\/\/cordescomtat.com\/index.php\/wp-json\/wp\/v2\/pages\/92","targetHints":{"allow":["GET"]}}],"collection":[{"href":"https:\/\/cordescomtat.com\/index.php\/wp-json\/wp\/v2\/pages"}],"about":[{"href":"https:\/\/cordescomtat.com\/index.php\/wp-json\/wp\/v2\/types\/page"}],"author":[{"embeddable":true,"href":"https:\/\/cordescomtat.com\/index.php\/wp-json\/wp\/v2\/users\/2"}],"replies":[{"embeddable":true,"href":"https:\/\/cordescomtat.com\/index.php\/wp-json\/wp\/v2\/comments?post=92"}],"version-history":[{"count":8,"href":"https:\/\/cordescomtat.com\/index.php\/wp-json\/wp\/v2\/pages\/92\/revisions"}],"predecessor-version":[{"id":758,"href":"https:\/\/cordescomtat.com\/index.php\/wp-json\/wp\/v2\/pages\/92\/revisions\/758"}],"wp:attachment":[{"href":"https:\/\/cordescomtat.com\/index.php\/wp-json\/wp\/v2\/media?parent=92"}],"curies":[{"name":"wp","href":"https:\/\/api.w.org\/{rel}","templated":true}]}}